t of 3919?
1
What is the tens digit of 9577?
7
What is the tens digit of 5655?
5
What is the tens digit of 1718?
1
What is the thousands digit of 19524?
9
What is the ten thousands digit of 18646?
1
What is the tens digit of 429?
2
What is the ten thousands digit of 39869?
3
What is the thousands digit of 28674?
8
What is the ten thousands digit of 54810?
5
What is the tens digit of 30140?
4
What is the tens digit of 4611?
1
What is the thousands digit of 111258?
1
What is the thousands digit of 13118?
3
What is the tens digit of 8848?
4
What is the units digit of 641?
1
What is the thousands digit of 5900?
5
What is the units digit of 16895?
5
What is the tens digit of 2537?
3
What is the tens digit of 6459?
5
What is the units digit of 289?
9
What is the thousands digit of 1030?
1
What is the tens digit of 485?
8
What is the hundreds digit of 1521?
5
What is the thousands digit of 1107?
1
What is the ten thousands digit of 18853?
1
What is the tens digit of 347?
4
What is the thousands digit of 2925?
2
What is the hundreds digit of 5047?
0
What is the hundreds digit of 10891?
8
What is the tens digit of 805?
0
What is the thousands digit of 21240?
1
What is the units digit of 83154?
4
What is the thousands digit of 23905?
3
What is the units digit of 291?
1
What is the units digit of 28524?
4
What is the units digit of 4863?
3
What is the units digit of 8965?
5
What is the units digit of 6434?
4
What is the thousands digit of 1271?
1
What is the units digit of 30066?
6
What is the units digit of 998?
8
What is the thousands digit of 3498?
3
What is the hundreds digit of 345?
3
What is the tens digit of 816?
1
What is the hundreds digit of 1805?
8
What is the ten thousands digit of 13948?
1
What is the hundreds digit of 95186?
1
What is the tens digit of 4541?
4
What is the units digit of 4698?
8
What is the tens digit of 113?
1
What is the hundreds digit of 1322?
3
What is the hundreds digit of 6971?
9
What is the tens digit of 5762?
6
What is the tens digit of 484?
8
What is the units digit of 3118?
8
What is the hundreds digit of 52725?
7
What is the units digit of 6897?
7
What is the tens digit of 181?
8
What is the tens digit of 1220?
2
What is the hundred thousands digit of 113108?
1
What is the units digit of 1308?
8
What is the tens digit of 927?
2
What is the tens digit of 444?
4
What is the tens digit of 11144?
4
What is the hundreds digit of 3485?
4
What is the thousands digit of 5995?
5
What is the tens digit of 753?
5
What is the hundreds digit of 1380?
3
What is the hundreds digit of 1098?
0
What is the hundreds digit of 1167?
1
What is the tens digit of 1526?
2
What is the hundreds digit of 2194?
1
What is the tens digit of 939?
3
What is the tens digit of 1083?
8
What is the units digit of 82?
2
What is the hundreds digit of 27766?
7
What is the units digit of 848?
8
What is the tens digit of 1686?
8
What is the ten thousands digit of 67236?
6
What is the thousands digit of 136173?
6
What is the hundreds digit of 7253?
2
What is the units digit of 349?
9
What is the hundreds digit of 778?
7
What is the thousands digit of 8999?
8
What is the thousands digit of 12643?
2
What is the hundreds digit of 5699?
6
What is the thousands digit of 12809?
2
What is the tens digit of 1020?
2
What is the hundreds digit of 164?
1
What is the thousands digit of 78983?
8
What is the units digit of 6463?
3
What is the ten thousands digit of 18533?
1
What is the ten thousands digit of 24957?
2
What is the tens digit of 1801?
0
What is the units digit of 41040?
0
What is the hundreds digit of 9875?
8
What is the tens digit of 2151?
5
What is the thousands digit of 61121?
1
What is the hundreds digit of 29976?
9
What is the hundreds digit of 14635?
6
What is the units digit of 53?
3
What is the thousands digit of 4910?
4
What is the tens digit of 1288?
8
What is the units digit of 1968?
8
What is the hundreds digit of 80628?
6
What is the tens digit of 390?
9
What is the units digit of 2331?
1
What is the units digit of 21601?
1
What is the hundreds digit of 49393?
3
What is the tens digit of 3139?
3
What is the thousands digit of 2467?
2
What is the hundreds digit of 8415?
4
What is the ten thousands digit of 127736?
2
What is the hundreds digit of 141?
1
What is the tens digit of 7055?
5
What is the thousands digit of 1511?
1
What is the hundreds digit of 64321?
3
What is the units digit of 12905?
5
What is the tens digit of 5907?
0
What is the hundreds digit of 2421?
4
What is the hundreds digit of 562?
5
What is the thousands digit of 9267?
9
What is the units digit of 10027?
7
What is the tens digit of 25707?
0
What is the tens digit of 34897?
9
What is the thousands digit of 1109?
1
What is the units digit of 35296?
6
What is the tens digit of 7596?
9
What is the hundreds digit of 8131?
1
What is the units digit of 721?
1
What is the thousands digit of 1752?
1
What is the tens digit of 7782?
8
What is the units digit of 149?
9
What is the thousands digit of 6805?
6
What is the tens digit of 220?
2
What is the ten thousands digit of 27472?
2
What is the tens digit of 5263?
6
What is the units digit of 4426?
6
What is the units digit of 26811?
1
What is the units digit of 40971?
1
What is the tens digit of 463?
6
What is the units digit of 169875?
5
What is the units digit of 361?
1
What is the hundreds digit of 774?
7
What is the tens digit of 822?
2
What is the tens digit of 2810?
1
What is the thousands digit of 12844?
2
What is the tens digit of 4818?
1
What is the hundreds digit of 9697?
6
What is the units digit of 153539?
9
What is the units digit of 1475?
5
What is the hundreds digit of 2224?
2
What is the tens digit of 1704?
0
What is the ten thousands digit of 22378?
2
What is the thousands digit of 2166?
2
What is the tens digit of 6885?
8
What is the units digit of 8271?
1
What is the tens digit of 1365?
6
What is the thousands digit of 74162?
4
What is the hundreds digit of 832?
8
What is the units digit of 2782?
2
What is the tens digit of 984?
8
What is the tens digit of 1444?
4
What is the tens digit of 86?
8
What is the tens digit of 1546?
4
What is the ten thousands digit of 41915?
4
What is the ten thousands digit of 23149?
2
What is the thousands digit of 4589?
4
What is the units digit of 29627?
7
What is the tens digit of 1007?
0
What is the units digit of 19246?
6
What is the units digit of 14779?
9
What is the hundreds digit of 494?
4
What is the thousands digit of 44437?
4
What is the tens digit of 31181?
8
What is the thousands digit of 1086?
1
What is the tens digit of 11751?
5
What is the hundreds digit of 118450?
4
What is the units digit of 711?
1
What is the tens digit of 21296?
9
What is the thousands digit of 7440?
7
What is the hundreds digit of 69958?
9
What is the tens digit of 1791?
9
What is the tens digit of 7794?
9
What is the ten thousands digit of 22209?
2
What is the ten thousands digit of 10076?
1
What is the thousands digit of 4304?
4
What is the tens digit of 1044?
4
What is the tens digit of 71952?
5
What is the units digit of 2506?
6
What is the hundreds digit of 954?
9
What is the units digit of 5489?
9
What is the tens digit of 383?
8
What is the hundreds digit of 16203?
2
What is the thousands digit of 11891?
1
What is the tens digit of 63588?
8
What is the units digit of 11535?
5
What is the units digit of 2207?
7
What is the hundreds digit of 5135?
1
What is the units digit of 2577?
7
What is the hundreds digit of 4314?
3
What is the units digit of 274?
4
What is the thousands digit of 24756?
4
What is the tens digit of 16756?
5
What is the units digit of 3130?
0
What is the tens digit of 55314?
1
What is the hundreds digit of 517?
5
What is the thousands digit of 29498?
9
What is the units digit of 4111?
1
What is the tens digit of 10256?
5
What is the hundreds digit of 1878?
8
What is the ten thousands digit of 52502?
5
What is the tens digit of 752?
5
What is the units digit of 422?
2
What is the hundreds digit of 534?
5
What is the thousands digit of 4923?
4
What is the thousands digit of 1231?
1
What is the tens digit of 567?
6
What is the tens digit of 4903?
0
What is the ten thousands digit of 46054?
4
What is the ten thousands digit of 30547?
3
What is the units digit of 187?
7
W